u. Suppose -7*l + u = 3072. What are the prime factors of l?
2, 43
Let q = -34 + 26. Let z be 1056/8*3*2/q. Let s = z - -114. List the prime factors of s.
3, 5
Let m be (4/(-6))/((-7)/21). Suppose 3*b - 204 = 4*j, 0 = m*b - 3*b + 3*j + 73. Suppose 3*c + 4*w = 123, 5*c + b = 3*w + 298. List the prime factors of c.
3, 5
Let y(r) = -326*r**2 + 15*r - 8. Let b(j) = j**2 - j. Let d(v) = -6*b(v) - y(v). What are the prime factors of d(1)?
11, 29
Let t(q) = 3*q**2 + 16*q - 41. List the prime factors of t(36).
4423
Let g(k) = k**3 + 7*k**2 - 13*k - 20. Suppose 3*q - 5*v - 79 = 0, 5*v = 3 + 2. Suppose -4*m = 2*j + q, 3*m = 2*j - 4 + 11. List the prime factors of g(j).
2, 5
What are the prime factors of (5 + -12)*1 - 2*(-20232)/16?
2, 13, 97
List the prime factors of (-18 + 605/33)*31173.
10391
Suppose -5*n = -n - 12. Let s(d) = -7*d - 71 + 80 + 8*d - 6*d + d**2. List the prime factors of s(n).
3
Let r be (-1*(-1)/(-2))/(54/(-540)). Suppose -2*h = 0, 13 = 5*l - r*h + 3. Suppose q + 5*w - 200 = 0, -l*w + 156 = q - 38. List the prime factors of q.
2, 5, 19
Let r = 350 + -354. What are the prime factors of (0 - 892/r)/1?
223
Suppose -d = -4*h - 0*h - 11, -2 = -2*h. Let x be (-5)/((-5)/d*3). Suppose -4*l + x*u + 771 = 0, 4 = -2*u - 2. What are the prime factors of l?
3, 7
Let j(u) = -u**3 + 8*u**2 + 20*u + 2. Let l be j(10). Suppose 0 = -7*k + l*k + 10. Let m(d) = 8*d**3 + 3*d**2 - 2*d + 1. What are the prime factors of m(k)?
73
Let p be 46/4 - 1 - (-15)/(-30). Let q be (-64)/(-20) - (2 + (-18)/p). Suppose -4*t + 5*t = 2*b - 16, -2*b + q*t = -24. What are the prime factors of b?
2, 3
Let k(u) = 39*u**3 + u**2 - 19*u + 7. Let c(t) = -41*t**3 - 2*t**2 + 18*t - 6. Let y(v) = -4*c(v) - 3*k(v). What are the prime factors of y(2)?
3, 41
Let w be 122/10 + (-96)/(-120). Let q = 72 - w. What are the prime factors of q?
59
Suppose 16 = 6*n + 2*n. Suppose 2*c = -n*c - 4*m + 28, 4*c - 2*m = -2. Suppose 5*u - 477 = c*u. List the prime factors of u.
3, 53
Suppose -34444*r = -34468*r + 273792. What are the prime factors of r?
2, 23, 31
Suppose -17757 = -16*p + 29347. List the prime factors of p.
2, 23
Suppose -9*l - 35 = 73. Let a be ((-4)/(-12))/((-1)/l). Suppose -a*i = -0*d + 5*d - 374, -2*d + 95 = i. List the prime factors of i.
7, 13
Let a be 20/6 + (-8)/(-12). Let z(u) = 6318*u + 6 - 6289*u + 5. List the prime factors of z(a).
127
Let t(b) = b**3 + 120*b**2 - 491*b - 706. List the prime factors of t(-122).
2, 7, 1051
Suppose -5*n - 5742 = -14*n. Let l = -604 + n. List the prime factors of l.
2, 17
Let q = 176 + -171. What are the prime factors of 196 + ((-5)/q - -4)?
199
Let b = -274 - -295. Suppose -b*q + 11925 = -6*q. List the prime factors of q.
3, 5, 53
Suppose 2*q = -2*q - 4, -k + 3*q + 8 = 0. Let d(n) = -5*n + n**3 - 5*n**2 - 4 - 2*n**2 + k*n**3 + 6*n**2. What are the prime factors of d(3)?
2, 67
Suppose 3*z - 8*z + 55 = -3*i, 3*i = 0. Suppose 511 = -z*j + 1908. List the prime factors of j.
127
Suppose 7*z = -6*z + 91. Suppose -z*m + 869 = -6*m + 2*w, 5*m = -w + 4336. What are the prime factors of m?
3, 17
Suppose -6*y = 5*m - 11*y - 5305, -14*m = -4*y - 14884. What are the prime factors of m?
2, 7, 19
Let k = 2440 + -856. What are the prime factors of k?
2, 3, 11
Suppose 230*r = -116*r + 21*r + 22743175. What are the prime factors of r?
7, 13, 769
Let z = 33136 - -24814. What are the prime factors of z?
2, 5, 19, 61
Suppose -8*a + 1482 = -1582. Let i = a - 184. List the prime factors of i.
199
List the prime factors of -2 + ((-4481546)/(-410) - 2/(-5)).
3, 3643
Let t = 24289 + -15421. What are the prime factors of t?
2, 3, 739
Let s(b) = b**3 + 5*b**2 - 16. Let w be s(-4). Suppose 3*r - 6 = 0, w = 5*y - 4*y - 5*r - 256. What are the prime factors of (y/(-35))/(2/(-5))?
19
Suppose 7*m + 230 = 12*m. Suppose 2*q = v + 2*v - 19, 0 = -q - 5. Suppose -c - m = -v*i + 124, -5*i + c + 286 = 0. What are the prime factors of i?
2, 29
Suppose 17*x - 76291 = 134611. List the prime factors of x.
2, 6203
Suppose m + 3*r + 192 = -386, 2*r = 4. Let a = -406 - m. What are the prime factors of a?
2, 89
Let q(g) = 50 + 5*g**2 + 24*g + 4*g**2 - 10*g**2. What are the prime factors of q(17)?
13
Let f = -184 + 187. Suppose 0 = -4*q - f*z + 1781, -305 = -3*q + z + 1034. What are the prime factors of q?
2, 223
Let f(x) = -93*x + 3672. What are the prime factors of f(9)?
3, 5, 7
Suppose 0 = -4*r - r + 7260. Suppose -r = 8*u - 2*u. What are the prime factors of (u/6)/((-1)/3)?
11
Suppose -50*g = -53*g - 600. Let f = g - -550. What are the prime factors of f?
2, 5, 7
Suppose 254159 = 5*c + 2*y, -3*y + 152473 = 3*c + y. List the prime factors of c.
3, 5, 3389
Let f = -35341 - -49660. What are the prime factors of f?
3, 37, 43
What are the prime factors of -6 - 17668*(-4)/8?
2, 2207
Suppose 0 = 4*d + 5*p + 9676 - 62913, -5*d = 2*p - 66525. List the prime factors of d.
53, 251
Suppose -5*l = 25, -475*r + 479*r = 5*l + 42205. What are the prime factors of r?
3, 5, 19, 37
Let a(d) = 31 + 2*d - 3 + d - 2 + d**2. List the prime factors of a(-22).
2, 3, 37
Let h be 2*(-2)/(-8) - 6/12. Suppose 2*w + 4*p - 514 = h, 4*w = 2*p - 481 + 1519. List the prime factors of w.
7, 37
What are the prime factors of 1/((-14)/42124)*(16 - -208)/(-16)?
2, 10531
Let y(s) = -87*s + 25. Let g(d) = -21*d + 6. Let k(h) = -9*g(h) + 2*y(h). Suppose 3*z + z = 4. What are the prime factors of k(z)?
11
List the prime factors of 39/(5967/(-34)) - 94088/(-9).
2, 5227
List the prime factors of (176/32)/(-1*(-2)/260).
5, 11, 13
Let i be -1 + (-6)/(-5) - 11640/(-300). Let y = i + -3. List the prime factors of (-1166)/(-8) - y/48.
5, 29
Let x(v) be the third derivative of v**6/60 - v**5/5 + 5*v**4/12 - 16*v**3/3 - 59*v**2 - 2*v. What are the prime factors of x(8)?
2, 19
Suppose 5*g + 21888 = 2*z + 155601, z = 3*g - 80229. What are the prime factors of g?
3, 5, 1783
Let w be (-1)/(2/(-10))*(-7060)/(-50). Suppose w + 184 = 5*z. Suppose 3*x - z - 71 = 0. What are the prime factors of x?
83
Let p = 152891 + -80189. What are the prime factors of p?
2, 3, 7, 577
Let u be 3*((-80)/(-112))/(3/7). Suppose -17*t + 1614 = 2*c - 13*t, -u*t = 2*c - 1610. List the prime factors of c.
5, 163
Let a(n) = -n**2 - 99*n - 1137. What are the prime factors of a(-79)?
443
What are the prime factors of 13030/7*((-268)/(-19) - 348/3306)?
2, 5, 1303
Let n(k) = -1257*k + 30. Let u be n(-2). Suppose 0 = 5*g - u - 1116. List the prime factors of g.
2, 3, 61
Let w be (-16)/(-5) - (11/5 - 2). Suppose -2895 = -w*i - 3*v, 2*v + 492 = i - 482. What are the prime factors of i?
2, 11
Let c = 9003 - 8849. List the prime factors of c.
2, 7, 11
Let o be (69992/312)/((2*-1)/(-6)). Let w = o + -98. What are the prime factors of w?
5, 23
Suppose 28854 = 2*m + 2*t, 2*m = -4*t + 16440 + 12406. What are the prime factors of m?
14431
Let i = 218 + -214. Let h be (-3 + 52/8)*2. What are the prime factors of h/(-28) + 113/i?
2, 7
Let s(b) = 2*b - 12. Let k be s(26). What are the prime factors of (4/(-6))/(k/(-19380))?
17, 19
Let s(f) = -f**2 - 18*f + 3. Suppose 11 = 466*g - 467*g. What are the prime factors of s(g)?
2, 5
Suppose -162494 = -9*q - 11*q - 4434. List the prime factors of q.
7, 1129
Suppose -4*n + 91 = -541. Let f = n + 257. Suppose -5*w + 5*z + 410 = 0, 3*w + 2*w - f = 4*z. List the prime factors of w.
3, 29
Let m = 289 - 285. Suppose 0*c + 3*c = 2*y - 2081, 4165 = m*y - 3*c. List the prime factors of y.
2, 521
Suppose -750 = -50*w + 47*w. Let o = w - -52. List the prime factors of o.
2, 151
Let f(r) = 352*r**2 + 136*r - 387. List the prime factors of f(6).
3, 11, 397
Let h(u) = -u + 2. Let o be h(-2). Let m be 6/33 - (23960/(-22))/5. Suppose -o*s + 10 = -m. What are the prime factors of s?
3, 19
Let a(s) = -s**2 - s + 28. Let r be a(-17). Let j = r - -429. List the prime factors of j.
5, 37
What are the prime factors of 352/(-24)*(-71160)/160?
11, 593
Let j = -31207 - -51193. List the prime factors of j.
2, 3, 3331
Let b = 24565 - 13729. List the prime factors of b.
2, 3, 7, 43
Let a = 22 + -25. Let h be a + 15/10*2. Suppose h = 5*o - 59 - 21. List the prime factors of o.
2
Let k(w) = w**2 - 6*w - 5. Suppose u + 5*o = 5*u, o = 3*u + 11. Let p(d) = d**2 - 7*d - 4. Let f(y) = u*p(y) + 6*k(y). List the prime factors of f(-8).
2, 31
What are the prime factors of